5 = -2*n - n. What is the highest common factor of n and 98?
14
Suppose -212 - 4 = -z. Suppose -4*g + g = -z. Calculate the highest common factor of g and 24.
24
Let w = 6 + -3. Suppose 2*n + 4*x = 0, -w = x - 1. Let a(o) = 3*o - 8. Let s be a(6). What is the highest common divisor of s and n?
2
Let v = -6 - -11. Let t = -23 - -64. Let w = t + -26. What is the highest common divisor of w and v?
5
Suppose 2*n + 12 = 3*n. Let i be -6*(-2)/2 - 0. Calculate the greatest common factor of i and n.
6
Let l = -45 + 46. What is the highest common divisor of 10 and l?
1
Let c(i) = -5*i**3 - 2*i**2 + 2*i + 7. Let p be c(-2). Calculate the greatest common divisor of 7 and p.
7
Let q(v) = -v**3 + v**2 + 7*v - 1. Let r be q(-3). Calculate the highest common divisor of 14 and r.
14
Let j = 21 - 3. Calculate the greatest common divisor of j and 2.
2
Let g(r) = -36*r - 8. Let f be g(-4). Calculate the highest common divisor of 17 and f.
17
Suppose x + 3*x - 12 = 0. Calculate the greatest common factor of x and 33.
3
Let h be ((-9)/(-3) - 3) + 19. What is the highest common factor of 95 and h?
19
Let g = -58 + 82. Let o(u) = u**3 - 7*u**2 + 8*u - 7. Let b be o(6). Let p be b - -9 - (-2 + 0). What is the highest common divisor of p and g?
8
Let o be 20/9 + 6/(-27). Suppose 4*l = -u + 34, 0*l + 2*u = -o*l + 20. Let r be (-1 - 5)*(-40)/l. Calculate the highest common divisor of r and 15.
15
Let a(x) = 8*x - 5. Suppose 4*r - 2*r = 8. Let u be a(r). Suppose 5*l = 8 + u. What is the highest common divisor of l and 56?
7
Suppose -f + o + 63 = -28, 2*f - 207 = -3*o. Let w = 45 - 33. What is the highest common divisor of w and f?
12
Suppose -5*s - 5*z + 10 = 25, s + 4 = -2*z. Let r be (-141)/15 - s/5. Let p = r - -15. What is the highest common divisor of p and 18?
6
Let c(x) = x**2 + 9*x + 10. Let i = -1 - 7. Let v be c(i). Suppose 0 = -v*b + 69 + 1. Calculate the highest common divisor of 7 and b.
7
Let i(k) = k**2 + k - 13. Let o be i(-4). Suppose -2 = 5*h + 2*f - 29, -3*h + 2*f = -29. Let n = h - o. What is the greatest common divisor of n and 8?
8
Suppose -3*d + 3 = 0, -d = -0*f + f - 577. Suppose 2*y = -4*h + f, -4*h + 4*y = -0*y - 576. What is the highest common factor of h and 18?
18
Suppose 4*l + 3*a - 222 = 0, -5*l + 82 + 194 = 3*a. What is the highest common divisor of l and 6?
6
Suppose -u - 8 = -3*u. Suppose -5*k + 40 = -u*x, -3*k + 10 + 14 = 4*x. Calculate the highest common divisor of k and 4.
4
Let m be 3*1/12 - 220/(-16). What is the highest common factor of 42 and m?
14
Let j be (-9)/6*64/(-12). Let z = j - 1. What is the greatest common factor of 63 and z?
7
Let m = -30 + 47. Calculate the greatest common factor of 68 and m.
17
Let d(i) = -i**3 - i**2 + i + 3. Let g be d(0). Let c be 129/3 - (1 - g). What is the greatest common divisor of c and 18?
9
Suppose 3*z - 5*q - 10 = 34, 3*q + 66 = 4*z. Let n = z + 47. Calculate the highest common factor of 13 and n.
13
Let z(g) = -2*g**3 - 2*g**2 - g + 2. Let q be z(-2). Calculate the highest common divisor of 36 and q.
12
Let t = 90 - 0. Let j = t + -48. What is the highest common factor of j and 21?
21
Suppose 146 = 5*n - 79. What is the greatest common divisor of n and 9?
9
Let s = -7 - -6. Let u = s - -6. Calculate the highest common divisor of 35 and u.
5
Suppose z - 3 = 4. Let n(k) = -k**2 + 9*k - 2. Let p be n(z). Let g(v) = 9*v + 3. Let s be g(5). Calculate the highest common divisor of p and s.
12
Suppose a - 16 = -2*x, -3*x = 5*a - 5*x - 80. Calculate the highest common factor of 8 and a.
8
Suppose 5*b - 120 = 5*m, 2*m + 3*m = -2*b + 20. Let x be (2 - -2)/(2/34). Suppose c + 18 = x. What is the highest common factor of b and c?
10
Let q be 5/(-5) + 2*3. Suppose u - 2*u = q. Let h be (-8)/u*(-15)/(-6). What is the greatest common divisor of 40 and h?
4
Let z(w) = w**3 + 3*w**2 - 5*w - 2. Let o be z(-4). Let p(x) = -2*x**2 - 1. Let m be p(-1). Let j be -1*(24*2)/m. What is the highest common divisor of o and j?
2
Suppose -40 = -6*k - 2*k. What is the greatest common factor of 25 and k?
5
Suppose 0*y - 8 = -y + 2*c, 22 = 5*y - 4*c. What is the highest common factor of y and 3?
1
Let n be (-14)/(-105) - (-986)/30. What is the highest common factor of 231 and n?
33
Let v(l) = 9*l**2 + 1. Let t be v(-1). Suppose 0*b + b - 10 = 0. Calculate the highest common factor of b and t.
10
Suppose 0 = l + 4*l - 310. Suppose 100 = 2*o - 4*k, 4*o - 2*k - 120 = l. Calculate the highest common factor of o and 4.
4
Suppose -3*t - 4 = -w, -1 = t + 2*w - 2. Let a = -5 + 8. Let y = a - t. Calculate the greatest common divisor of 6 and y.
2
Let v(x) = x**3 - x**2 + 3*x. Let k be v(3). Suppose 0 = -i - 3*m + 2, m + 4 = -3*m. Let u = i + -2. What is the highest common factor of u and k?
3
Suppose 0 = 3*g + 31 - 76. What is the greatest common factor of 75 and g?
15
Let o = 11 + -7. Let i be (o/(-8))/(1/(-4)). What is the greatest common divisor of i and 16?
2
Let v be 23/7 - (-6)/(-21). Suppose -v*m = -3*k - 9, 3*m - 1 = -4*k + 3*k. Calculate the greatest common factor of 2 and m.
1
Let n = 73 - 38. Suppose -o = 5*b + 2 - 12, -2*o + n = -5*b. Suppose 0*j = -3*j - 9, -3*q + 3*j + o = 0. What is the highest common divisor of q and 5?
1
Let c(j) = -2*j**3 - 9*j**2 - 4*j + 4. Let m be c(-5). Suppose 1 - 15 = -2*w. What is the highest common factor of m and w?
7
Let w = 12 + 4. Calculate the greatest common factor of 8 and w.
8
Suppose 32 = -2*i - 4*g + 76, 5*i - g - 66 = 0. Let l = 206 - 136. Calculate the highest common factor of l and i.
14
Let h be 3*((-21)/(-9) + 2). Let j = 5 + -9. Let y be j - -4 - (1 + -14). What is the highest common factor of y and h?
13
Let x be (14/(-3))/((-4)/6). Suppose -3*h + x = -2*h. Let t = h - -2. Calculate the highest common divisor of t and 6.
3
Suppose -4*w - 5 - 7 = 0, -o = -5*w - 47. Calculate the highest common divisor of 224 and o.
32
Let u(a) = 7*a + 12. Let z be u(12). Calculate the greatest common divisor of z and 12.
12
Let v = 4 + -6. Let m(a) = -2*a + 1. Let t be m(v). Calculate the greatest common divisor of t and 40.
5
Let d be 30/24 + 6/8. Suppose -3*y + 40 = d*y. Let w(m) = -m**3 - 2*m**2 - 3*m - 2. Let r be w(-3). What is the highest common divisor of r and y?
8
Suppose 2*f = 7*f - 20. Suppose 3*d - 4*n = 34, 0*n = 4*d - 4*n - 44. Calculate the greatest common divisor of f and d.
2
Let v be 10 - 9 - 3/1. Let w(a) = -a**3 + 2*a**2 - 2*a - 3. Let r be w(v). Calculate the highest common divisor of r and 51.
17
Suppose 2*d - 320 = -3*d. Calculate the greatest common divisor of 8 and d.
8
Let l = -2 - 9. Let z = l + 19. Calculate the greatest common divisor of 24 and z.
8
Suppose -20 = -4*c - c. Suppose c*y - 4*z + 7*z - 17 = 0, y = 5*z - 13. Calculate the highest common factor of y and 16.
2
Let j = -11 - -20. Let p be 1/(2 + (-394)/198). What is the highest common divisor of j and p?
9
Suppose 91*j + 35 = 98*j. Calculate the greatest common divisor of 1 and j.
1
Suppose 0*c - 4*c - 24 = 0. Let x = c - -7. Calculate the highest common divisor of 5 and x.
1
Suppose 5*l = 61 - 16. Let k = l - 0. Let v(n) = n**2 + n + 1. Let h be v(0). What is the highest common divisor of k and h?
1
Let c be 2/(-15) + (5792/(-60))/(-4). What is the highest common factor of c and 36?
12
Let i(u) = u**2 - 4*u + 1. Let o be i(2). Suppose -5*h + 2*v - 12 = 6*v, -2*h - 12 = -2*v. Let a = o - h. Calculate the highest common factor of 6 and a.
1
Let l be (-66)/15 + (-2)/(-5). Let r = l - -8. What is the greatest common divisor of 36 and r?
4
Let x = -99 + 187. Calculate the greatest common factor of 11 and x.
11
Suppose 8 - 206 = 3*l. Suppose 5*m = 4*a + 2, 2*m = 3*a + 2*a + 11. Let g be 1 - (m + l + -1). What is the greatest common factor of g and 10?
10
Suppose 22 = -n - 44. Let d be (4/(-6))/(2/n). Let s = 57 - 24. What is the highest common factor of s and d?
11
Suppose -5*w + 1034 = 224. What is the highest common factor of 18 and w?
18
Let i be 256/18 + (70/(-45))/7. Calculate the highest common divisor of 6 and i.
2
Suppose -5*k + 6 = 1. Let s = k - -2. Suppose -3*u + 3*w + 57 = -u, w + 1 = 0. What is the highest common factor of u and s?
3
Suppose f + 0*a = 5*a + 75, 5*a = -10. Suppose -x = -4*o + f, 0 = 4*o - 5*x - 0*x - 85. What is the greatest common factor of o and 135?
15
Suppose -3*h - 40